mber?
False
Let g = -7646 - -13088. Suppose 2*w = -3*s + 4079, -w + g = 4*s - 0*s. Is s prime?
True
Let l(q) = 9*q**3 + 3*q**2 - 4*q + 2. Let u be l(1). Is (-37541)/(-35) + 4/u a composite number?
True
Let v be (-19)/(-5) + (-10)/(-50). Suppose v*n + 3*n = 959. Suppose 3*x = -q + 2*x + n, 5*x = -2*q + 268. Is q a prime number?
True
Let p(a) = 9*a**2 + 3*a + 13. Let m be (3 - (-2 - -1))*(-10 - -9). Is p(m) composite?
True
Let j = -799 - -18057. Is j a composite number?
True
Suppose 6*l = -11*l + 264367. Is l composite?
False
Let f = 104 + -179. Let u be (8/(-12))/((-2)/f). Let h = u + 168. Is h a prime number?
False
Let g(a) = 36*a**2 - 7*a - 2. Let w be g(7). Suppose -157 = 4*c - w. Is c composite?
False
Let k(i) be the third derivative of 11*i**5/30 - i**3/6 + 3*i**2. Is k(-2) a composite number?
True
Let t(j) = -92*j - 25. Let y = -73 - -46. Is t(y) a prime number?
True
Suppose 182*a - 139336 = 174*a. Is a prime?
True
Suppose -2*c + 28 = 2*m, 4*m + 36 = 2*c + 2*m. Let h(r) = c - 6 - 13 - 12*r - 2*r. Is h(-8) a prime number?
True
Suppose -t = -2*i - 2, -2*t - i + 2 = 3. Suppose -5*x = -3*f - 4435, t = -x + f + 325 + 562. Is x composite?
False
Let f(g) = -775*g**3 + 2*g**2 + 12*g + 23. Is f(-2) composite?
True
Let i be (2 - (-9)/3) + -1. Suppose -3*t + 10 = -i*d, 0*d + 4*d + 20 = -2*t. Is 643/4 + t/(-8) a composite number?
True
Let j(t) = -t**2 - 8*t - 4. Suppose -2*c + 18 = -5*c. Let z be j(c). Let f(v) = 7*v + 9. Is f(z) prime?
False
Let r(t) = -t**3 + 9*t**2 + 8*t + 22. Let i be r(10). Suppose -2*y = -i*p - 5*y + 314, -2*p + 346 = -5*y. Is p a composite number?
False
Let m(d) be the second derivative of -d**5/12 - d**4/8 - 7*d**3/6 - 2*d. Let f(a) be the second derivative of m(a). Is f(-4) a prime number?
True
Let f(l) = 3*l**2 + 3*l + 7. Let y be ((-8)/(-5))/(2/5). Let t = -9 + y. Is f(t) composite?
False
Suppose -3*g - 2*o = -7409, -5*g + 4*o = -9781 - 2538. Is g prime?
True
Let i be 3638/4 - (-22)/44. Suppose 2*z = i + 3052. Is z composite?
True
Let w be (2 + -1)/((-13)/(-26)). Let i = -226 - w. Let l = 641 + i. Is l a composite number?
True
Let i(h) = h**3 + 13*h**2 - 13. Let p be i(-13). Let b = p - -59. Is b prime?
False
Let u(c) = -c**2 - 6*c - 1. Let y be u(-5). Let f be (-2)/5 + (-8 - (-670)/50). Suppose -f*n + 1895 = -4*r, 5*n + y*r - 1895 = -r. Is n a composite number?
False
Let o(q) = -14 - 6 + 11*q + 4 + 8*q**2 - 11*q**2. Let c be o(-11). Is c/(-2) + (4 - 1) a prime number?
False
Let s be (-2)/12 - 133/(-6). Let c = s - 16. Suppose -5*z + c*z = -3*u + 37, 75 = 5*u - z. Is u prime?
False
Let l(i) = -i**3 - 9*i**2 - i - 2. Let k be l(-9). Suppose 14*b - k*b = 4431. Is b prime?
False
Let b = 3397 - 2336. Is b prime?
True
Let v be 13717/13 + (-6)/(-156)*-4. Let z = 8 + 2. Suppose -z*s + 5*s = -v. Is s prime?
True
Is (7/2)/(3/4566) prime?
False
Suppose 407 = s - 59. Let y = s + 2055. Is y prime?
True
Let f(u) = -107*u. Let o(h) = -213*h. Let w(a) = 9*f(a) - 4*o(a). Let v = 1768 - 1769. Is w(v) a prime number?
False
Let h(r) = 2*r**2 - 2*r + 2. Let y be h(2). Let q(d) = -d + 4. Let j be q(y). Is (-21 - -11)*17/j composite?
True
Suppose 46 = 4*c + 2. Suppose -13*v = -c*v - 2374. Is v prime?
True
Let r(u) = 2*u**2 + 2*u - 2. Let w be r(-2). Let d(h) = 8*h + 100. Let j be d(-12). Suppose 4*t = -3*o + 2972, -2*o = -j*t + w*o + 2972. Is t prime?
True
Let b = 18 + -10. Suppose -y = 1 - 12. Let i = y + b. Is i composite?
False
Let x(s) = 25 + 8*s - 436 + 664 + 646. Is x(0) a prime number?
False
Let j = -125 + 144. Is j a composite number?
False
Let p(c) = 12*c**2 - 2*c - 10. Let d be p(-7). Let i = d - 391. Is i composite?
True
Suppose -2*l = 2*p + p - 2731, -25 = -5*l. Is p a prime number?
True
Suppose 0 = -x + 3, -q + x = -4*q + 3. Suppose q = -8*t + 9*t - 4117. Is t a composite number?
True
Let m be (42/(-12))/(3/(-6)). Let a = m - 4. Suppose 2*c + 0*c + t - 1289 = 0, 0 = a*c + t - 1936. Is c a prime number?
True
Let s be -3 + -1*(-2)/(4/138). Suppose -3*b + 156 + s = 0. Is b a prime number?
False
Let g be (25 + 0)/(-1)*-1. Let c = g - 27. Is (552 - -1)*(-2)/c a composite number?
True
Suppose 26*x - 90 = 24*x. Let p = 248 - x. Is p a composite number?
True
Is (3 - 0)*(3 + (-20180)/(-6)) composite?
False
Let m(l) be the second derivative of -l**4/4 + 7*l**3/6 + 7*l**2/2 + l. Let b be m(6). Let q = -2 - b. Is q prime?
False
Let l be 9/(3/8*-2). Suppose -2*y - 967 = -117. Let j = l - y. Is j prime?
False
Let h(c) = 175*c + 8. Is h(15) prime?
True
Suppose -33*g + 79728 = -155265. Is g a prime number?
True
Let w be -1*((-60)/2 - 4). Let j be 6*(4 + w/(-12)). Suppose -j*i + 2*i = -155. Is i composite?
False
Is (((-141845)/(-20))/(-11))/(5/(-20)) composite?
False
Let u = -16 + 21. Let m be -4*(-3)/30*u. Suppose -m*k + 2*i = -238, -2*k + 5*i + 205 + 33 = 0. Is k composite?
True
Suppose -13*b = 3*b + 20944. Let a = b + 2490. Is a prime?
True
Let h be 0*((-7)/(-2))/(-7). Suppose 4*c - 12 = 0, -j - 2*c + 7 + 1 = h. Suppose 2*s = -j*s + 148. Is s prime?
True
Let t(i) = 5275*i**2 + 14*i - 52. Is t(7) a composite number?
False
Let y be -14*1*(-2 + (-117)/6). Let i = 459 - y. Is i a composite number?
True
Suppose -23*j + 11983 = -35236. Is j a composite number?
False
Let m(n) be the second derivative of 21*n**3/2 + 13*n**2/2 - 8*n. Is m(4) a composite number?
True
Suppose q + 13 = 2. Suppose -80*a - 255 = -83*a. Let x = a + q. Is x a composite number?
True
Suppose 8*s - 125884 = 5124. Suppose r - 9*r = -s. Is r composite?
True
Suppose 4*m - l = 4164, -2*l - 2076 = -4*m + 2*m. Is m a composite number?
True
Suppose 2*t + t = -9. Let y be 48/4 + 0 - t. Let d = y + 74. Is d a prime number?
True
Let b be 2 - -1 - 5/5. Let w(r) = -3*r - 2*r**2 + 2*r + r**b + 19 + 0*r. Is w(0) a prime number?
True
Let i(d) = -321*d + 17. Let b be i(-5). Suppose 6703 + b = 5*t. Suppose 2 = n, 5*k - 2*n - t = 3*n. Is k prime?
False
Let h(w) = -48*w**3 + 6*w**2 - 2*w - 41. Is h(-5) a prime number?
False
Suppose 8 = -5*z + 2*z - 5*q, 2*z - q - 12 = 0. Suppose 479 = z*r - 749. Is r composite?
False
Suppose -6*p = -p + 45. Let c be (-1)/2*108/p. Is 4/c + 20/6 a composite number?
True
Suppose -u - 3508 = -4*v + 4217, 0 = 5*v + 3*u - 9652. Is v composite?
False
Let w = 61 - 59. Is 2938/(-2)*(-3)/(5 - w) composite?
True
Suppose -1350*c = -1352*c + 3262. Is c composite?
True
Let a(c) = 47*c + 19. Let f be a(14). Suppose -y = 2*r - 1345, -r + 4*y + 0*y + f = 0. Is r prime?
True
Let a(r) = 21*r**2 + r. Let t be a(-1). Suppose 2*s + 4 = 0, -y = -2*s - t - 34. Let g = -11 + y. Is g prime?
False
Let o(d) = 39*d**2 - 14*d - 57. Is o(-4) composite?
True
Let s(t) = -3*t**2 + 15*t + 38. Let r be s(17). Let y = 1205 + r. Is y a prime number?
True
Let k(u) = -4 + 1661*u + 2 - 1 - 552*u. Let p be k(1). Suppose -6*b = b - p. Is b prime?
False
Is 1/(-12*(-12)/593424) a composite number?
True
Is (-4)/6 - ((-2032829)/(-3))/(-19) composite?
True
Let y(t) = -683*t + 2. Is y(-7) prime?
True
Is ((-85)/15)/(-17)*(-1 - -43927) composite?
True
Suppose 0 = -3*s + 8876 + 8893. Is s composite?
False
Is (-373)/(-2)*(24 - 2) - 4 a composite number?
False
Let b(w) = 286*w - 41. Is b(9) a composite number?
True
Suppose 7*z - 19*z = -33204. Is z a composite number?
False
Suppose r + 6*w - 2*w + 15 = 0, 0 = r - 4*w - 25. Suppose 442 + 113 = r*v. Is v a prime number?
False
Suppose 0 = 36*j - 169606 - 480518. Is j prime?
True
Suppose -21*c + 5*r - 11703 = -23*c, -3*c + r = -17546. Is c a prime number?
True
Suppose -29 = l - 3*z - 12, 5*l + 99 = z. Let c be (-159)/3 - (0 - -4). Let o = l - c. Is o prime?
True
Suppose -k - 2*k = -678. Suppose 6*u = 2*u, -5*q = -2*u. Suppose -2*j + 4*j - k = q. Is j prime?
True
Suppose -6*v + 1152 = -1782. Is v a composite number?
True
Let p(u) = -65*u - 17. Let j be p(12). Let y = j - -1206. Is y a prime number?
True
Let q be 2 + 6 - 4 - 7. Let i be -5 + (q - -4) - -3. Is 1/(i - (-40)/36) a prime number?
False
Let c(l) be the second derivative of -11*l**5/20 - 5*l**4/4 - l**2/2 + 4*l - 3. Is c(-9) prime?
True
Let t be (-2)/4*(-34 - -2). Is t/40 + 2106/10 composite?
False
Suppose -4*m = -608 - 376. Suppose -2*r - r + m = 0. Is r a composite number?
True
Suppose 7312 - 658 = 2*p. Suppose p + 446 = 3*t - a, 0 = 5*a - 20. Is t prime?
True
Suppose -5*z - 35715 + 114350 = 0. Is z prime?
T